{"id":233,"date":"2017-07-04T06:21:19","date_gmt":"2017-07-04T06:21:19","guid":{"rendered":"http:\/\/wissenskooperationen.de\/?page_id=233"},"modified":"2018-04-02T17:42:10","modified_gmt":"2018-04-02T17:42:10","slug":"leistungen","status":"publish","type":"page","link":"http:\/\/wissenskooperationen.de\/?page_id=233","title":{"rendered":"LEISTUNGSANGEBOT"},"content":{"rendered":"<p><span style=\"font-size: 14pt;\">In meiner Praxis f\u00fcr Positive Psychotherapie biete ich die folgenden Leistungen an<\/span><\/p>\n<p><span style=\"font-size: 14pt;\"><a href=\"http:\/\/wissenskooperationen.de\/?page_id=129\">Psychotherapie, Beratung und Coaching f\u00fcr Einzelpersonen<\/a><\/span><\/p>\n<p><span style=\"font-size: 14pt;\"><a href=\"http:\/\/wissenskooperationen.de\/?page_id=322\">Mediation, Paar- und Familienberatung<\/a><\/span><\/p>\n<p><span style=\"font-size: 14pt;\"><a href=\"http:\/\/wissenskooperationen.de\/?page_id=132\">Angebote f\u00fcr Organisationen<\/a><\/span><\/p>\n<p>&nbsp;<\/p>\n","protected":false},"excerpt":{"rendered":"<p>In meiner Praxis f\u00fcr Positive Psychotherapie biete ich die folgenden Leistungen an Psychotherapie, Beratung und Coaching f\u00fcr Einzelpersonen Mediation, Paar- und Familienberatung Angebote f\u00fcr Organisationen &nbsp;<\/p>\n","protected":false},"author":1,"featured_media":0,"parent":0,"menu_order":2,"comment_status":"closed","ping_status":"closed","template":"","meta":[],"_links":{"self":[{"href":"http:\/\/wissenskooperationen.de\/index.php?rest_route=\/wp\/v2\/pages\/233"}],"collection":[{"href":"http:\/\/wissenskooperationen.de\/index.php?rest_route=\/wp\/v2\/pages"}],"about":[{"href":"http:\/\/wissenskooperationen.de\/index.php?rest_route=\/wp\/v2\/types\/page"}],"author":[{"embeddable":true,"href":"http:\/\/wissenskooperationen.de\/index.php?rest_route=\/wp\/v2\/users\/1"}],"replies":[{"embeddable":true,"href":"http:\/\/wissenskooperationen.de\/index.php?rest_route=%2Fwp%2Fv2%2Fcomments&post=233"}],"version-history":[{"count":21,"href":"http:\/\/wissenskooperationen.de\/index.php?rest_route=\/wp\/v2\/pages\/233\/revisions"}],"predecessor-version":[{"id":478,"href":"http:\/\/wissenskooperationen.de\/index.php?rest_route=\/wp\/v2\/pages\/233\/revisions\/478"}],"wp:attachment":[{"href":"http:\/\/wissenskooperationen.de\/index.php?rest_route=%2Fwp%2Fv2%2Fmedia&parent=233"}],"curies":[{"name":"wp","href":"https:\/\/api.w.org\/{rel}","templated":true}]}}