{"id":291,"date":"2017-07-04T13:02:23","date_gmt":"2017-07-04T13:02:23","guid":{"rendered":"http:\/\/wissenskooperationen.de\/?page_id=291"},"modified":"2020-06-18T10:45:43","modified_gmt":"2020-06-18T10:45:43","slug":"impressum-2","status":"publish","type":"page","link":"http:\/\/wissenskooperationen.de\/?page_id=291","title":{"rendered":"IMPRESSUM und DATENSCHUTZ"},"content":{"rendered":"<p style=\"text-align: left;\"><span style=\"font-size: 14pt;\"><strong>Impressum (Angaben gem\u00e4\u00df \u00a7 5 TMG)<\/strong><\/span><br \/>\n<span style=\"font-size: 14pt;\"> Dr. Mira Waibel-Fischer<\/span><br \/>\n<span style=\"font-size: 14pt;\">Gebr\u00fcder-Ott-Weg 24<\/span><br \/>\n<span style=\"font-size: 14pt;\"> D &#8211; 81241 M\u00fcnchen<\/span><br \/>\n<span style=\"font-size: 14pt;\"> Telefon: 0049 176 49103481<\/span><br \/>\n<span style=\"font-size: 14pt;\"> E-Mail: info(at)beratungspraxis-waibel-fischer.de<\/span><\/p>\n<h2 style=\"text-align: left;\"><\/h2>\n<h2 style=\"text-align: left;\"><span style=\"font-size: 14pt;\"><strong>Rechtliche Hinweise und Datenschutz<\/strong><\/span><\/h2>\n<p style=\"text-align: left;\"><span style=\"font-size: 14pt;\">Meine gesetzliche <span style=\"text-decoration: underline;\">Berufsbezeichnung<\/span> lautet Heilpraktikerin f\u00fcr Psychotherapie, verliehen in der Bundesrepublik Deutschland. Die berufsrechtliche Regelung begr\u00fcndet sich \u00fcber das Gesetz zur berufsm\u00e4\u00dfigen Aus\u00fcbung der Heilkunde ohne \u00e4rztliche Bestallung (<a href=\"http:\/\/www.gesetze-im-internet.de\/heilprg\/index.html\">Heilpraktikergesetz<\/a>).<\/span><\/p>\n<p style=\"text-align: left;\"><span style=\"font-size: 14pt;\">Meine zust\u00e4ndige Aufsichtsbeh\u00f6rde ist das Referat f\u00fcr Gesundheit und Umwelt, Schwanthalerstrasse 69, 80336 M\u00fcnchen.<\/span><\/p>\n<p style=\"text-align: left;\"><span style=\"font-size: 14pt;\">Steuerliches: Heilkundliche T\u00e4tigkeit ist gem\u00e4\u00df \u00a7 4 Nr. 14 UStG von der Umsatzsteuer befreit. Alle auf meiner Homepage enthaltenen Angaben und Informationen werden von mir und Dritten sorgf\u00e4ltig recherchiert und gepr\u00fcft. F\u00fcr Richtigkeit, Vollst\u00e4ndigkeit und Aktualit\u00e4t k\u00f6nnen jedoch weder ich noch Dritte die Haftung \u00fcbernehmen. <\/span><\/p>\n<p style=\"text-align: left;\"><span style=\"text-decoration: underline;\"><span style=\"font-size: 14pt;\">Datenschutzerkl\u00e4rung<\/span><\/span><\/p>\n<p style=\"text-align: left;\"><span style=\"font-size: 14pt;\">Alle auf meiner Homepage enthaltenen Angaben und Informationen werden von mir und Dritten sorgf\u00e4ltig recherchiert und gepr\u00fcft. F\u00fcr Richtigkeit, Vollst\u00e4ndigkeit und Aktualit\u00e4t k\u00f6nnen jedoch weder ich noch Dritte die Haftung \u00fcbernehmen.<\/span><\/p>\n<p style=\"text-align: left;\"><span style=\"font-size: 14pt;\">Seit 25. Mai 2018 gilt die neue Datenschutzverordnung DSGVO. Personenbezogene Daten (Name, Adresse, Telefonnummern, etc.) sind nun besonders gesch\u00fctzt. <\/span><\/p>\n<p style=\"text-align: left;\"><span style=\"font-size: 14pt;\">Auf meiner Homepage werden keine personenbezogenen Daten erhoben. Das bisher auf der Unterseite \u201eKontakt\u201c vorzufindende Kontaktformular habe ich entfernt und bitte Sie, mich per Mail oder telefonisch zu kontaktieren. Ihre IP-Adresse wird von mir nicht gespeichert und kann somit von mir auch weder zu anderen Zwecken (z.B. Werbung) genutzt, noch an Dritte weitergegeben werden. F\u00fcr den Umgang des Hostinganbieters mit IP-Adressen gelten dessen Regelungen (siehe unten). Datenschutzrechtlich gilt auch die \u00dcbermittlung von Inhalten per Mail \u2013 selbst bei verschl\u00fcsselter \u00dcbertragung \u2013 als nicht garantiert sicher. Sie sollten sich dieses Restrisikos bewusst sein, sofern Sie mich per Mail kontaktieren.<\/span><\/p>\n<p style=\"text-align: left;\"><span style=\"font-size: 14pt;\">Datenschutzrechtlich gilt auch die \u00dcbermittlung von Inhalten per mail \u2013 selbst bei verschl\u00fcsselter \u00dcbertragung \u2013 als nicht garantiert sicher. Sie sollten sich dieses Restrisikos bewusst sein, sofern Sie mich per Mail kontaktieren. Wenn Sie mir vertrauliche Informationen zukommen lassen m\u00f6chten, empfehle ich zum derzeitigen Stand das pers\u00f6nliche Gespr\u00e4ch oder den Postweg (Einschreiben).<\/span><\/p>\n<p style=\"text-align: left;\"><span style=\"font-size: 14pt;\">Es werden zu Beginn der Behandlung (bei der ersten Terminabsparche bzw. im Erstgespr\u00e4ch) personenbezogene Daten erhoben, die z.B. zur Rechungsstellung und zur Kontaktaufnahme wichtig sind. Diese Daten werden nur hierf\u00fcr ben\u00f6tigt und nicht an Dritte weitergegeben. Sie erhalten von mir keine Werbung. Ich habe Schweigepflicht &#8211; an mitbehandelnde \u00c4rzte \/ Psychotherapeuten \/ Heilpraktiker \/ Kliniken etc. werden Daten bzw. Informationen deshalb nur nach vorheriger schriftlicher Schweigepflichtentbindung Ihrerseits (gesondertes Formular) weitergegeben.<\/span><\/p>\n<p style=\"text-align: left;\"><span style=\"font-size: 14pt;\">Zu Beginn einer Behandlung werden Sie \u00fcber die neue Datenschutzverordnung aufgekl\u00e4rt und \u00fcber den Umgang mit Daten in meiner Praxis informiert. Wichtige Einwilligungen erfolgen schriftlich mit Unterschrift.<\/span><\/p>\n<p style=\"text-align: left;\"><span style=\"font-size: 14pt;\">Sie k\u00f6nnen die Erhebung personenbezogener Daten zu Behandlungsbeginn verweigern, dann kann leider keine Zusammenarbeit stattfinden, da in diesem Fall weder Rechnungsstellung noch Dokumentation m\u00f6glich w\u00e4re.<\/span><\/p>\n<p style=\"text-align: left;\"><span style=\"font-size: 14pt;\">Sie k\u00f6nnen die Einwilligung zur Speicherung personenbezogener Daten jederzeit widerrufen, Auskunft \u00fcber diese verlangen, \u00c4nderungen \/ Vervollst\u00e4ndigungen veranlassen, L\u00f6schung verlangen, Widerspruch gegen die weitere Verarbeitung einlegen oder sich bei einer Aufsichtsbeh\u00f6rde beschweren.<\/span><\/p>\n<p style=\"text-align: left;\"><span style=\"font-size: 14pt;\"><strong>Informationen des Hostinganbieters<\/strong>:<\/span><\/p>\n<p style=\"text-align: left;\"><span style=\"font-size: 14pt;\">Mein Internet Service Provider ist die STRATO AG, Pascalstra\u00dfe 10, 10587 Berlin. <strong>Es liegt ein Auftragsverarbeitungsvertrag<\/strong> (AVV) mit STRATO vor. Sobald eine AVV abgeschlossen ist, verpflichtet sich STRATO die Pflichten eines Auftragsverarbeiters nach Artikel 28 der DSGVO einzuhalten. <\/span><\/p>\n<p style=\"text-align: left;\"><span style=\"font-size: 14pt;\">Im Folgenden zitiere ich Antworten der STRATO AG zu Fragen zum AVV und der neuen EU-Datenschutzgrundverordnung (vgl. <\/span><span style=\"font-size: 14pt;\">https:\/\/www.strato.de\/faq\/article\/2763\/Fragen-zur-Auftragsverarbeitungsvertrag-AVV-und-der-neuen-EU-Datenschutzgrundverordnung-DSGVO.html)<br \/>\n<\/span><\/p>\n<p style=\"text-align: left;\">Welche Daten verarbeitet STRATO, wenn meine Homepage besucht wird?<\/p>\n<p style=\"text-align: left;\">&#8222;Beim Aufruf Ihrer Webseite durch Besucher werden die IP-Adressen dieser Besucher erfasst und in Logfiles gespeichert. Die IP-Adressen der Besucher Ihrer Webseiten speichern wir zur Erkennung und Abwehr von Angriffen maximal sieben Tage.&#8220;<\/p>\n<p style=\"text-align: left;\">[&#8230;]<\/p>\n<p style=\"text-align: left;\">&#8222;Grundlegend verwendet jede Website Session-Cookies. Session-Cookies speichern den Internetaufruf tempor\u00e4r und werden mit dem Schlie\u00dfen des Browsers gel\u00f6scht. Diese Art von Cookies speichert keine Informationen \u00fcber den Benutzer.&#8220;<\/p>\n<p style=\"text-align: left;\">[&#8230;]<\/p>\n<p style=\"text-align: left;\">&#8222;Datensicherheit und Datenschutz sind uns ein wichtiges Anliegen. Die STRATO Rechenzentren sind vom T\u00dcV S\u00fcd nach ISO 27001 auch auf Datensicherheit hin \u00fcberpr\u00fcft und zertifiziert. Die Daten sind durch verschiedene Sicherheitsmechanismen gegen unberechtigten Zugriff gesch\u00fctzt. Sie liegen auf einem Datenpool, der logisch von den Daten anderer Kunden getrennt ist (zPool Zonen, Login-Abgrenzung etc.). Bei jedem Zugriff auf das Internetangebot und bei jedem Abruf einer Datei werden Daten \u00fcber diesen Vorgang in einer Protokolldatei gespeichert und verarbeitet. Im Einzelnen werden \u00fcber jeden Zugriff\/Abruf folgende Daten gespeichert:<\/p>\n<ul style=\"text-align: left;\">\n<li>Datum\/Uhrzeit<\/li>\n<li>besuchte Seite<\/li>\n<li>Beschreibung des Typs des verwendeten Webbrowsers<\/li>\n<li>verwendetes Betriebssystem<\/li>\n<li>IP-Adresse<\/li>\n<li>Suchbegriffe<\/li>\n<\/ul>\n<p class=\"tiny_p\" style=\"text-align: left;\">Die Daten werden ausschlie\u00dflich f\u00fcr statistische Zwecke verarbeitet und ausgewertet. Die gef\u00fchrte Zugriffsstatistik l\u00e4sst keine R\u00fcckschl\u00fcsse auf personenbezogene Daten zu. Beim Aufruf einzelner Seiten werden sog. tempor\u00e4re Cookies verwendet, um die Navigation zu erleichtern. Diese Session-Cookies beinhalten keine personenbezogenen Daten und verfallen nach Ablauf der Sitzung. Java-Applets und Active-X-Controls werden nicht eingesetzt.&#8220;<\/p>\n<p style=\"text-align: left;\">Alle Angaben wurden folgendem LINK zitiert nach https:\/\/www.strato.de\/faq\/article\/2763\/Fragen-zur-Auftragsverarbeitungsvertrag-AVV-und-der-neuen-EU-Datenschutzgrundverordnung-DSGVO.html) .<\/p>\n<div style=\"text-align: left;\"><\/div>\n<p style=\"text-align: left;\">F\u00fcr weitere Informationen siehe die <a href=\"https:\/\/www.strato.de\/datenschutz\/\" target=\"_blank\" rel=\"noopener nofollow\">Datenschutzerkl\u00e4rung<\/a> der STRATO AG<\/p>\n<p style=\"text-align: left;\"><strong>Datenrechtliche Erkl\u00e4rung zu W<span style=\"text-decoration: underline;\">ordPress<\/span>, das ich f\u00fcr die Erstellung meiner Homepage genutzt habe.<\/strong><\/p>\n<p style=\"text-align: left;\">Diese Website benutzt <a href=\"http:\/\/wordpress.org\/extend\/plugins\/stats\/\">WordPress.com-Stats<\/a>, ein Tool zur statistischen Auswertung der Besucherzugriffe, betrieben von <a href=\"http:\/\/automattic.com\">Automattic<\/a> Inc., 60 29th Street #343, San Francisco, CA 94110-4929, USA,\u00a0unter Einsatz der Trackingtechnologie von <a href=\"http:\/\/www.quantcast.com\">Quantcast<\/a> Inc.,\u00a0201 3rd St, Floor 2, San Francisco, CA 94103-3153, USA. WordPress.com-Stats\u00a0\u00a0verwendet sog. \u201eCookies\u201c, Textdateien, die auf Ihrem Computer gespeichert werden und die eine Analyse der Benutzung der Website durch Sie erm\u00f6glichen. Die durch den Cookie erzeugten Informationen \u00fcber Ihre Benutzung dieses Internetangebotes werden auf einem Server in den USA gespeichert.\u00a0Die IP-Adresse wird sofort nach der Verarbeitung und vor deren Speicherung anonymisiert.\u00a0Sie k\u00f6nnen die Installation der Cookies durch eine entsprechende Einstellung Ihrer Browser-Software verhindern; wir weisen Sie jedoch darauf hin, dass Sie in diesem Fall gegebenenfalls nicht s\u00e4mtliche Funktionen dieser Website vollumf\u00e4nglich nutzen k\u00f6nnen. Sie k\u00f6nnen der Erhebung und Nutzung der Daten durch Quantcast mit Wirkung f\u00fcr die Zukunft widersprechen, indem Sie an dieser Stelle durch einen Klick auf den Link \u201eClick here to opt-out\u201c\u00a0ein Opt-Out-Cookie in Ihrem Browser setzen: <a href=\"http:\/\/www.quantcast.com\/opt-out\">http:\/\/www.quantcast.com\/opt-out<\/a>.\u00a0Sollten Sie alle Cookies auf Ihrem Rechner l\u00f6schen, m\u00fcssen Sie das Opt-Out-Cookie erneut setzen.<\/p>\n<p style=\"text-align: left;\">(kostenloses Muster der Datenschutzerkl\u00e4rung zu WordPress \u00fcbernommen von Dr. Schwenke, https:\/\/drschwenke.de\/wordpress-com-stats-pluginjetpackblogs-datenschutzkonform-nutzen-mit-muster-der-datenschutzerklaerung\/#Muster-Datenschutzerklaerung_fuer_selbstgehostete_WordPress-Blogs)<\/p>\n<hr \/>\n","protected":false},"excerpt":{"rendered":"<p>Impressum (Angaben gem\u00e4\u00df \u00a7 5 TMG) Dr. Mira Waibel-Fischer Gebr\u00fcder-Ott-Weg 24 D &#8211; 81241 M\u00fcnchen Telefon: 0049 176 49103481 E-Mail: info(at)beratungspraxis-waibel-fischer.de Rechtliche Hinweise und Datenschutz Meine gesetzliche Berufsbezeichnung lautet Heilpraktikerin f\u00fcr Psychotherapie, verliehen in der Bundesrepublik Deutschland. Die berufsrechtliche Regelung begr\u00fcndet sich \u00fcber das Gesetz zur berufsm\u00e4\u00dfigen Aus\u00fcbung der Heilkunde ohne \u00e4rztliche Bestallung (Heilpraktikergesetz). Meine &hellip; <\/p>\n<p class=\"link-more\"><a href=\"http:\/\/wissenskooperationen.de\/?page_id=291\" class=\"more-link\"><span class=\"screen-reader-text\">\u201eIMPRESSUM und DATENSCHUTZ\u201c<\/span> weiterlesen<\/a><\/p>\n","protected":false},"author":1,"featured_media":0,"parent":0,"menu_order":0,"comment_status":"closed","ping_status":"closed","template":"","meta":[],"_links":{"self":[{"href":"http:\/\/wissenskooperationen.de\/index.php?rest_route=\/wp\/v2\/pages\/291"}],"collection":[{"href":"http:\/\/wissenskooperationen.de\/index.php?rest_route=\/wp\/v2\/pages"}],"about":[{"href":"http:\/\/wissenskooperationen.de\/index.php?rest_route=\/wp\/v2\/types\/page"}],"author":[{"embeddable":true,"href":"http:\/\/wissenskooperationen.de\/index.php?rest_route=\/wp\/v2\/users\/1"}],"replies":[{"embeddable":true,"href":"http:\/\/wissenskooperationen.de\/index.php?rest_route=%2Fwp%2Fv2%2Fcomments&post=291"}],"version-history":[{"count":18,"href":"http:\/\/wissenskooperationen.de\/index.php?rest_route=\/wp\/v2\/pages\/291\/revisions"}],"predecessor-version":[{"id":515,"href":"http:\/\/wissenskooperationen.de\/index.php?rest_route=\/wp\/v2\/pages\/291\/revisions\/515"}],"wp:attachment":[{"href":"http:\/\/wissenskooperationen.de\/index.php?rest_route=%2Fwp%2Fv2%2Fmedia&parent=291"}],"curies":[{"name":"wp","href":"https:\/\/api.w.org\/{rel}","templated":true}]}}