{"id":95,"date":"2016-09-21T10:58:29","date_gmt":"2016-09-21T10:58:29","guid":{"rendered":"http:\/\/wissenskooperationen.de\/?page_id=95"},"modified":"2018-04-02T17:45:34","modified_gmt":"2018-04-02T17:45:34","slug":"literatur","status":"publish","type":"page","link":"http:\/\/wissenskooperationen.de\/?page_id=95","title":{"rendered":"Literatur"},"content":{"rendered":"<p><strong>Positive Psychotherapie<\/strong><\/p>\n<p>Wege der Psychotherapie<br \/>\nHamid Peseschkian \/ Arno Remmers; Ernst Reinhardt Verlag, 2013; 24,90 \u20ac &#8211; ISBN 978-3-497-02345-5<\/p>\n<p>Positive Familientherapie<br \/>\nAus der Praxis einer Behandlungsmethode<br \/>\nNossrat Peseschkian; Fischer TB Verlag, 1999 (1982); 9,95 \u20ac &#8211; ISBN 978-3-596-26761-3<\/p>\n<p>Steter Tropfen h\u00f6hlt den Stein<br \/>\nMikrotraumen: Das Drama der kleinen Verletzungen<br \/>\nNossrat Peseschkian; Fischer TB Verlag, 2005 (2000); 8,90 \u20ac &#8211; ISBN 3-596-16310-2<\/p>\n<p>Der Kaufmann und der Papagei<br \/>\nOrientalische Geschichten in der Positiven Psychotherapie<br \/>\nNossrat Peseschkian; Fischer TB Verlag, 1994 (1979); 8,90 \u20ac -ISBN 978-3-596-23300-7<\/p>\n<p>Der nackte Kaiser oder:<br \/>\nWie man die Seele der Kinder und Jugendlichen versteht<br \/>\nNossrat Peseschkian; Fischer TB Verlag, 2002 (1997); 8,95 \u20ac &#8211; ISBN 978-3-596-15477-7<\/p>\n<p>Psychosomatik und Positive Psychotherapie<br \/>\nNossrat Peseschkian; Fischer TB Verlag, 1997 (1991); 11,95 \u20ac &#8211; ISBN 978-3-596-11713-0<\/p>\n<p>Salutogenese und Positive Psychotherapie<br \/>\nGesund werden &#8211; gesund bleiben<br \/>\nKlaus Jork\/Nossrat Peseschkian; Verlag Hans Huber, 2006 (2003); 29,95 \u20ac &#8211; ISBN 3-456-84357-7<\/p>\n<p>Sozialp\u00e4dagogische Familien- und Erziehungshilfe<br \/>\nEine Handlungsanleitung<br \/>\nMarga Rothe; Kohlhammer Verlag 2011 (1990); 15,90 \u20ac &#8211; ISBN 978-3-17-020528-4<\/p>\n<p>33 und eine Form der Partnerschaft<br \/>\nNossrat Peseschkian; Fischer TB Verlag, 2000 (1988); 9,90 \u20ac &#8211; ISBN 3-596-26792-7<\/p>\n<p>Lebensfreude statt Stress<br \/>\nPers\u00f6nliche Stressfaktoren hinter sich lassen: Anst\u00f6\u00dfe &#8211; \u00dcbungen &#8211; orientalische Weisheiten<br \/>\nNossrat und Nawid Peseschkian; TRIAS Verlag, 2009 (2003); 19,95 \u20ac &#8211; ISBN 978-3-8304-3499-3<\/p>\n<p>\u00c4ngste und ihre positiven Botschaften<br \/>\nIm Kontext der Positiven Psychotherapie (mit 25 Fallbeispielen)<br \/>\nAbbas Jabbarian; Cuvillier Verlag, 2008; 19,90 \u20ac &#8211; ISBN 978-3-86727-630-6<\/p>\n<p>Auf der Suche nach Sinn<br \/>\nPsychotherapie der kleinen Schritte<br \/>\nNossrat Peseschkian; Fischer TB Verlag, 1993 (1983); 8,95 \u20ac &#8211; ISBN 978-3-596-26770-5<\/p>\n<p>Psychotherapie des Alltagslebens<br \/>\nKonfliktl\u00f6sung und Selbsthilfe<br \/>\nNossrat Peseschkian; Fischer TB Verlag, 1987 (1977); 8,95 \u20ac &#8211; ISBN 978-3-596-21855-4<\/p>\n<p>Burnout &#8211; Neue Impulse f\u00fcr Forschung und Praxis<br \/>\nGunther H\u00fcbner; Lenzkircher Verlagsbuchhandlung, 2009; 26,90 \u20ac &#8211; ISBN 978-3-9811581-4-4<\/p>\n<p>Psychovampire &#8211; \u00dcber den positiven Umgang mit Energier\u00e4ubern<br \/>\nHamid Peseschkian\/Connie Voigt; orell f\u00fcssli Verlag, 2009;<br \/>\n19,90 \u20ac &#8211; ISBN 978-3-280-05321-8<\/p>\n<p>Die Familientherapie<br \/>\nEine praktische Orientierungshilfe<br \/>\nNossrat Peseschkian; Kreuz Verlag, 2005; 9,95 \u20ac &#8211; ISBN 3-7831-2512-X<\/p>\n<p>Das Geheimnis des Samenkorns<br \/>\nPositive Stressbew\u00e4ltigung<br \/>\nNossrat Peseschkian; Fischer TB Verlag, 2005 (1996); 10,90 \u20ac &#8211; ISBN 3-596-14569-4<\/p>\n<p>Angst und Depression im Alltag<br \/>\nEine Anleitung zu Selbsthilfe und positiver Psychotherapie<br \/>\nUdo Boessmann\/Nossrat Peseschkian; Fischer TB Verlag, 1998; 8,90 \u20ac &#8211; ISBN 3-596-13302-2<\/p>\n<p>Was haben Sie auf dem Herzen?<br \/>\nDie seelische Bedeutung von Herz- und Kreislaufsymptomen verstehen<br \/>\nNossrat Peseschkian; Trias Verlag, 2005; 14,95 \u20ac &#8211; ISBN 3-8304-3100-7<\/p>\n<p>Wirksam behandeln<br \/>\nNutzung von bewussten und unbewussten Auftr\u00e4gen in der Psychotherapie, Medizin und Supervision<br \/>\nUdo Boessmann; Deutscher Psychologen Verlag, 2005; 18,00 \u20ac &#8211; ISBN 3-931589-68-4<\/p>\n<p>Lexikon der Positiven Psychotherapie<br \/>\nNossrat Peseschkian\/Anas Aziz; Fischer TB Verlag, 2009; 9,95 \u20ac &#8211; ISBN 978-3-596-18325-8<\/p>\n<p>Nossrat Peseschkian\/Morgenland &#8211; Abendland<br \/>\nPositive Psychotherapie im Dialog der Kulturen<br \/>\nThomas Kornbichler; Fischer TB Verlag, 2003; 12,90 \u20ac &#8211; ISBN 3-596-15861-3<\/p>\n<h1><\/h1>\n","protected":false},"excerpt":{"rendered":"<p>Positive Psychotherapie Wege der Psychotherapie Hamid Peseschkian \/ Arno Remmers; Ernst Reinhardt Verlag, 2013; 24,90 \u20ac &#8211; ISBN 978-3-497-02345-5 Positive Familientherapie Aus der Praxis einer Behandlungsmethode Nossrat Peseschkian; Fischer TB Verlag, 1999 (1982); 9,95 \u20ac &#8211; ISBN 978-3-596-26761-3 Steter Tropfen h\u00f6hlt den Stein Mikrotraumen: Das Drama der kleinen Verletzungen Nossrat Peseschkian; Fischer TB Verlag, 2005 &hellip; <\/p>\n<p class=\"link-more\"><a href=\"http:\/\/wissenskooperationen.de\/?page_id=95\" class=\"more-link\"><span class=\"screen-reader-text\">\u201eLiteratur\u201c<\/span> weiterlesen<\/a><\/p>\n","protected":false},"author":1,"featured_media":0,"parent":20,"menu_order":3,"comment_status":"closed","ping_status":"closed","template":"","meta":[],"_links":{"self":[{"href":"http:\/\/wissenskooperationen.de\/index.php?rest_route=\/wp\/v2\/pages\/95"}],"collection":[{"href":"http:\/\/wissenskooperationen.de\/index.php?rest_route=\/wp\/v2\/pages"}],"about":[{"href":"http:\/\/wissenskooperationen.de\/index.php?rest_route=\/wp\/v2\/types\/page"}],"author":[{"embeddable":true,"href":"http:\/\/wissenskooperationen.de\/index.php?rest_route=\/wp\/v2\/users\/1"}],"replies":[{"embeddable":true,"href":"http:\/\/wissenskooperationen.de\/index.php?rest_route=%2Fwp%2Fv2%2Fcomments&post=95"}],"version-history":[{"count":7,"href":"http:\/\/wissenskooperationen.de\/index.php?rest_route=\/wp\/v2\/pages\/95\/revisions"}],"predecessor-version":[{"id":483,"href":"http:\/\/wissenskooperationen.de\/index.php?rest_route=\/wp\/v2\/pages\/95\/revisions\/483"}],"up":[{"embeddable":true,"href":"http:\/\/wissenskooperationen.de\/index.php?rest_route=\/wp\/v2\/pages\/20"}],"wp:attachment":[{"href":"http:\/\/wissenskooperationen.de\/index.php?rest_route=%2Fwp%2Fv2%2Fmedia&parent=95"}],"curies":[{"name":"wp","href":"https:\/\/api.w.org\/{rel}","templated":true}]}}